hat is the remainder when 294 is divided by 180?
114
Calculate the remainder when 3123 is divided by 149.
143
What is the remainder when 491 is divided by 166?
159
What is the remainder when 1547 is divided by 32?
11
Calculate the remainder when 366 is divided by 40.
6
What is the remainder when 67 is divided by 2?
1
What is the remainder when 332 is divided by 136?
60
What is the remainder when 443 is divided by 29?
8
Calculate the remainder when 90 is divided by 8.
2
What is the remainder when 376 is divided by 207?
169
What is the remainder when 865 is divided by 288?
1
Calculate the remainder when 647 is divided by 50.
47
Calculate the remainder when 1055 is divided by 176.
175
Calculate the remainder when 544 is divided by 34.
0
What is the remainder when 1094 is divided by 357?
23
Calculate the remainder when 1405 is divided by 40.
5
Calculate the remainder when 553 is divided by 93.
88
What is the remainder when 51 is divided by 17?
0
Calculate the remainder when 2204 is divided by 88.
4
Calculate the remainder when 2934 is divided by 267.
264
What is the remainder when 336 is divided by 68?
64
What is the remainder when 48 is divided by 6?
0
What is the remainder when 24 is divided by 14?
10
Calculate the remainder when 69 is divided by 39.
30
Calculate the remainder when 167 is divided by 17.
14
What is the remainder when 106 is divided by 12?
10
Calculate the remainder when 165 is divided by 91.
74
What is the remainder when 1144 is divided by 527?
90
What is the remainder when 9766 is divided by 148?
146
Calculate the remainder when 215 is divided by 34.
11
What is the remainder when 481 is divided by 3?
1
What is the remainder when 67 is divided by 20?
7
Calculate the remainder when 302 is divided by 62.
54
Calculate the remainder when 68 is divided by 47.
21
What is the remainder when 600 is divided by 43?
41
Calculate the remainder when 511 is divided by 65.
56
What is the remainder when 1318 is divided by 21?
16
Calculate the remainder when 188 is divided by 26.
6
Calculate the remainder when 489 is divided by 17.
13
Calculate the remainder when 97 is divided by 23.
5
Calculate the remainder when 316 is divided by 106.
104
Calculate the remainder when 8106 is divided by 17.
14
Calculate the remainder when 943 is divided by 16.
15
Calculate the remainder when 51 is divided by 22.
7
What is the remainder when 2866 is divided by 82?
78
What is the remainder when 988 is divided by 11?
9
What is the remainder when 217 is divided by 76?
65
What is the remainder when 446 is divided by 143?
17
What is the remainder when 20349 is divided by 192?
189
What is the remainder when 466 is divided by 28?
18
What is the remainder when 633 is divided by 53?
50
Calculate the remainder when 143 is divided by 71.
1
Calculate the remainder when 315 is divided by 109.
97
Calculate the remainder when 182 is divided by 55.
17
What is the remainder when 538 is divided by 90?
88
Calculate the remainder when 187 is divided by 47.
46
What is the remainder when 3022 is divided by 14?
12
Calculate the remainder when 984 is divided by 165.
159
Calculate the remainder when 6659 is divided by 148.
147
What is the remainder when 19 is divided by 8?
3
Calculate the remainder when 1161 is divided by 97.
94
What is the remainder when 771 is divided by 253?
12
Calculate the remainder when 268 is divided by 50.
18
What is the remainder when 58 is divided by 27?
4
Calculate the remainder when 15405 is divided by 9.
6
Calculate the remainder when 544 is divided by 58.
22
Calculate the remainder when 129 is divided by 21.
3
What is the remainder when 3740 is divided by 18?
14
Calculate the remainder when 1431 is divided by 357.
3
What is the remainder when 4861 is divided by 40?
21
What is the remainder when 1128 is divided by 9?
3
What is the remainder when 955 is divided by 319?
317
What is the remainder when 85 is divided by 45?
40
Calculate the remainder when 2103 is divided by 43.
39
What is the remainder when 56344 is divided by 29?
26
What is the remainder when 133 is divided by 18?
7
Calculate the remainder when 122 is divided by 18.
14
What is the remainder when 1559 is divided by 40?
39
Calculate the remainder when 414 is divided by 34.
6
Calculate the remainder when 553 is divided by 532.
21
What is the remainder when 319 is divided by 8?
7
Calculate the remainder when 2917 is divided by 40.
37
Calculate the remainder when 181 is divided by 98.
83
Calculate the remainder when 76 is divided by 41.
35
What is the remainder when 1473 is divided by 41?
38
What is the remainder when 4203 is divided by 127?
12
Calculate the remainder when 183 is divided by 25.
8
Calculate the remainder when 92 is divided by 49.
43
Calculate the remainder when 10464 is divided by 23.
22
Calculate the remainder when 14 is divided by 7.
0
What is the remainder when 163 is divided by 49?
16
What is the remainder when 185 is divided by 97?
88
Calculate the remainder when 899 is divided by 10.
9
What is the remainder when 123 is divided by 31?
30
What is the remainder when 4369 is divided by 1443?
40
Calculate the remainder when 30 is divided by 3.
0
Calculate the remainder when 356 is divided by 109.
29
What is the remainder when 355 is divided by 60?
55
What is the remainder when 695 is divided by 34?
15
Calculate the remainder when 335 is divided by 73.
43
What is the remainder when 4255 is divided by 21?
13
Calculate the remainder when 368 is divided by 119.
11
Calculate the remainder when 181 is divided by 17.
11
Calculate the remainder when 4227 is divided by 10.
7
What is the remainder when 548 is divided by 186?
176
Calculate the remainder when 572 is divided by 64.
60
Calculate the remainder when 844 is divided by 215.
199
Calculate the remainder when 7426 is divided by 126.
118
Calculate the remainder when 102 is divided by 23.
10
What is the remainder when 142 is divided by 130?
12
Calculate the remainder when 108 is divided by 84.
24
What is the remainder when 83 is divided by 3?
2
Calculate the remainder when 2099 is divided by 117.
110
Calculate the remainder when 330 is divided by 24.
18
Calculate the remainder when 347 is divided by 33.
17
What is the remainder when 80 is divided by 23?
11
Calculate the remainder when 437 is divided by 129.
50
Calculate the remainder when 401 is divided by 122.
35
What is the remainder when 183 is divided by 62?
59
What is the remainder when 4593 is divided by 209?
204
What is the remainder when 1622 is divided by 9?
2
What is the remainder when 2941 is divided by 23?
20
What is the remainder when 2385 is divided by 18?
9
What is the remainder when 82 is divided by 28?
26
What is the remainder when 2563 is divided by 171?
169
What is the remainder when 2577 is divided by 638?
25
What is the remainder when 3732 is divided by 110?
102
Calculate the remainder when 168 is divided by 16.
8
Calculate the remainder when 3809 is divided by 201.
191
What is the remainder when 235 is divided by 135?
100
What is the remainder when 2893 is divided by 138?
133
Calculate the remainder when 116 is divided by 30.
26
Calculate the remainder when 312 is divided by 91.
39
What is the remainder when 64 is divided by 15?
4
Calculate the remainder when 314 is divided by 15.
14
What is the remainder when 838 is divided by 22?
2
Calculate the remainder when 376 is divided by 20.
16
Calculate the remainder when 20 is divided by 1.
0
What is the remainder when 117 is divided by 8?
5
Calculate the remainder when 117 is divided by 53.
11
What is the remainder when 81 is divided by 49?
32
Calculate the remainder when 924 is divided by 149.
30
Calculate the remainder when 141 is divided by 9.
6
Calculate the remainder when 489 is divided by 49.
48
What is the remainder when 1328 is divided by 133?
131
Calculate the remainder when 142 is divided by 52.
38
What is the remainder when 1003 is divided by 21?
16
What is the remainder when 520 is divided by 167?
19
What is the remainder when 4751 is divided by 431?
10
Calculate the remainder when 245 is divided by 33.
14
Calculate the remainder when 204 is divided by 25.
4
Calculate the remainder when 611 is divided by 34.
33
Calculate the remainder when 129 is divided by 67.
62
What is the remainder when 11614 is divide